{"id":1024,"date":"2021-02-12T15:59:20","date_gmt":"2021-02-12T18:59:20","guid":{"rendered":"https:\/\/icscpaz-sal.infd.edu.ar\/sitio\/?page_id=1024"},"modified":"2021-02-12T22:19:40","modified_gmt":"2021-02-13T01:19:40","slug":"formulario-de-preinscripcion","status":"publish","type":"page","link":"https:\/\/icscpaz-sal.infd.edu.ar\/sitio\/preinscripciones-a-carreras-2-021\/formulario-de-preinscripcion\/","title":{"rendered":"Formulario de preinscripci\u00f3n"},"content":{"rendered":"<h1 style=\"text-align: center;\"><span style=\"color: #000080;\"><strong>PREINSCRIPCIONES a la oferta educativa 2.021<\/strong><\/span><\/h1>\n<h1 style=\"text-align: center;\"><img decoding=\"async\" loading=\"lazy\" class=\"aligncenter wp-image-1040\" src=\"https:\/\/icscpaz-sal.infd.edu.ar\/sitio\/wp-content\/uploads\/2021\/02\/Captura-de-pantalla-2021-02-12-a-las-21.42.38.png\" alt=\"\" width=\"841\" height=\"1066\" srcset=\"https:\/\/icscpaz-sal.infd.edu.ar\/sitio\/wp-content\/uploads\/2021\/02\/Captura-de-pantalla-2021-02-12-a-las-21.42.38.png 1262w, https:\/\/icscpaz-sal.infd.edu.ar\/sitio\/wp-content\/uploads\/2021\/02\/Captura-de-pantalla-2021-02-12-a-las-21.42.38-789x1000.png 789w, https:\/\/icscpaz-sal.infd.edu.ar\/sitio\/wp-content\/uploads\/2021\/02\/Captura-de-pantalla-2021-02-12-a-las-21.42.38-768x974.png 768w\" sizes=\"(max-width: 841px) 100vw, 841px\" \/><\/h1>\n<p>&nbsp;<\/p>\n<p>&nbsp;<\/p>\n<h3>&#x1f537; FECHAS DE PREINSCRIPCI\u00d3N<\/h3>\n<h3>Etapa 1: 21, 22 y 23\/12\/2020<br \/>\nEtapa 2: 28, 29 y 30\/12\/2020<br \/>\nEtapa 3: 8 y 9\/02\/2021<\/h3>\n<h3>Modalidad: mediada por TIC<\/h3>\n<h3>&#x1f537; REQUISITOS DE DOCUMENTACI\u00d3N<\/h3>\n<h3>&#x1f4cc; Documento Nacional de Identidad.<br \/>\n&#x1f4cc; CUIL<br \/>\n&#x1f4cc; Partida de nacimiento<br \/>\n&#x1f4cc; T\u00edtulo de educaci\u00f3n secundaria o certificado de estudios secundarios o constancia que acredite la finalizaci\u00f3n de los estudios y donde se especifique si adeudan materias.<br \/>\n&#x1f4cc; Apto f\u00edsico y estudios complementarios (fecha de presentaci\u00f3n a confirmar)<br \/>\n&#x1f4cc; 2 fotos color de 4 x 4 de frente.<\/h3>\n<h3>Para la preinscripci\u00f3n se requiere tener la documentaci\u00f3n en mano para completar. La misma se debe presentar debidamente legalizada, en la etapa de inscripci\u00f3n, a realizarse en marzo 2021, en fecha y modalidad a confirmar.<\/h3>\n<h3>La \u00fanica documentaci\u00f3n a presentar en este FORMULARIO DE PREINSCRIPCION en formato pdf es la siguiente:<br \/>\n&#x1f4cc; T\u00edtulo de educaci\u00f3n secundaria o certificado de estudios secundarios o constancia que acredite la finalizaci\u00f3n de los estudios y donde se especifique si adeudan materias.<\/h3>\n<h3>Para convertir imagen u otro tipo de documento, puedes usar Ilovepdf, una herramienta TIC disponible en: https:\/\/www.ilovepdf.com\/es\/jpg_a_pdf<\/h3>\n<h3>&#x1f537; IMPORTANTE<\/h3>\n<h3>&#x25fc;&#xfe0f; Este formulario tiene valor de declaraci\u00f3n jurada, sus datos ser\u00e1n usados s\u00f3lo en el marco del proceso de preinscripci\u00f3n a la carrera, que implica tambi\u00e9n, la generaci\u00f3n de usuario y contrase\u00f1a para el campus virtual del Instituto.<\/h3>\n<h3>&#x25fc;&#xfe0f; El correo que registres en este formulario debe estar activo, recibir\u00e1s en el mismo una copia de lo que completes a modo de constancia de preinscripci\u00f3n.<\/h3>\n<h3>&#x1f537; AGENDAR: Mi\u00e9rcoles 10\/02\/2021<\/h3>\n<h3>&#x25fc;&#xfe0f; Reuni\u00f3n informativa v\u00eda Zoom, en horario a confirmar en el sitio web del Instituto. Por ese espacio se compartir\u00e1 el link de ingreso.<\/h3>\n<h3>&#x25fc;&#xfe0f; Habilitaci\u00f3n del aula virtual en la que se trabajar\u00e1 el CURSO DE AMBIENTACION: revise su correo, en el transcurso de ese d\u00eda recibir\u00e1 el usuario y clave en el mismo.<\/h3>\n<p>&nbsp;<\/p>\n<h2><span style=\"color: #800080;\">Las y los invitamos <span style=\"color: #000000;\">a conocer el Instituto<\/span><\/span><span style=\"color: #000000;\">,<\/span> la normativa vigente para educaci\u00f3n superior y tambi\u00e9n, la oferta educativa 2.021 y a preinscribirse realizando los siguientes pasos.<\/h2>\n<h2><\/h2>\n<h2><span style=\"color: #ff0000;\">PASO 1:<\/span> Haga click y explore, usando la siguiente <a href=\"https:\/\/view.genial.ly\/5fdfdbe598d5210dac6fa77b\/guide-guia-de-viaje-al-ics-n-6016-ano-2020\"><span style=\"color: #800080;\">gu\u00eda de viaje<\/span><\/a><\/h2>\n<p>&nbsp;<\/p>\n<h2><span style=\"color: #ff0000;\">PASO 2<\/span>: Complete el formulario de preinscripci\u00f3n a la carrera que eligi\u00f3, durante las fechas de habilitaci\u00f3n.<\/h2>\n<p>&nbsp;<\/p>\n<h3 style=\"padding-left: 30px;\"><span style=\"color: #800080;\">Profesorado de Educaci\u00f3n F\u00edsica<\/span>: <a href=\"https:\/\/docs.google.com\/forms\/d\/e\/1FAIpQLSe9yUs-F1eOIwfqTNfvB-P3gjQJ-1EAkDYcGFRtcMgPFQi-GQ\/viewform\">click aqu\u00ed<\/a> para acceder al formulario de preinscripci\u00f3n<\/h3>\n<p>&nbsp;<\/p>\n<h3 style=\"padding-left: 30px;\"><span style=\"color: #800080;\">Profesorado de Ingl\u00e9s<\/span>:\u00a0<a href=\"https:\/\/docs.google.com\/forms\/d\/e\/1FAIpQLSeXol2LvXG2Uv3leOHtngd0HXGRO8ijmQ4vWRT_KAgEJaAWDg\/viewform\">click aqu\u00ed<\/a> para acceder al formulario de preinscripci\u00f3n<\/h3>\n<p style=\"text-align: center;\"><iframe loading=\"lazy\" src=\"https:\/\/www.youtube.com\/embed\/wP21g02ssCU\" width=\"560\" height=\"315\" frameborder=\"0\" allowfullscreen=\"allowfullscreen\" data-mce-fragment=\"1\"><\/iframe><\/p>\n<p>&nbsp;<\/p>\n<h3 style=\"padding-left: 30px;\"><span style=\"color: #800080;\">Tecnicatura Superior en Higiene y Seguridad en el trabajo<\/span>: <a href=\"https:\/\/docs.google.com\/forms\/d\/e\/1FAIpQLSchfzNVOFzcz1EkBu65aqJMtDu0-ThkLi1FF8iteRvB8q4vAw\/viewform\">click aqu\u00ed<\/a> para acceder al formulario de preinscripci\u00f3n<\/h3>\n<p style=\"text-align: center;\"><iframe loading=\"lazy\" src=\"https:\/\/www.youtube.com\/embed\/ZVGn1VfjsP0\" width=\"560\" height=\"315\" frameborder=\"0\" allowfullscreen=\"allowfullscreen\" data-mce-fragment=\"1\"><\/iframe><\/p>\n<p>&nbsp;<\/p>\n<h3 style=\"padding-left: 30px;\"><span style=\"color: #800080;\">Tecnicatura Superior en Agroalimentos<\/span>: <a href=\"https:\/\/docs.google.com\/forms\/d\/e\/1FAIpQLScsgBlt_KAeWfiJnyJJRYzdOKg-VBKyKbgdB9FlRPMWo-AWvw\/viewform\">click aqu\u00ed<\/a> para acceder al formulario de preinscripci\u00f3n<\/h3>\n<p style=\"text-align: center;\"><iframe loading=\"lazy\" src=\"https:\/\/www.youtube.com\/embed\/AQtvTPq3rss\" width=\"560\" height=\"315\" frameborder=\"0\" allowfullscreen=\"allowfullscreen\" data-mce-fragment=\"1\"><\/iframe><\/p>\n<p>&nbsp;<\/p>\n<h3 style=\"padding-left: 30px;\"><span style=\"color: #800080;\">Tecnicatura Superior en Comunicaci\u00f3n Social orientada al Desarrollo local: <span style=\"color: #000000;\"><a href=\"https:\/\/forms.gle\/3ky5HLccbSjjYHoN8\">click aqu\u00ed<\/a> para acceder al formulario de preinscripci\u00f3n.<\/span><\/span><\/h3>\n<p>&nbsp;<\/p>\n<p><img decoding=\"async\" loading=\"lazy\" class=\"wp-image-988 aligncenter\" src=\"https:\/\/icscpaz-sal.infd.edu.ar\/sitio\/wp-content\/uploads\/2020\/12\/Clave.png\" alt=\"\" width=\"79\" height=\"78\" \/><\/p>\n<h4 style=\"text-align: center;\">Se requiere adjuntar en formato pdf, documentaci\u00f3n probatoria de estudios secundarios finalizados, sea constancia, certificaci\u00f3n o t\u00edtulo.<\/h4>\n<h4 style=\"text-align: center;\">\u00a0Para convertir imagen u otro tipo de documento en pdf, puedes usar Ilovepdf, disponible en: <a href=\"https:\/\/www.ilovepdf.com\/es\/jpg_a_pdf\">https:\/\/www.ilovepdf.com\/es\/jpg_a_pdf\u00a0<\/a><\/h4>\n<p>&nbsp;<\/p>\n<h2><span style=\"color: #ff0000;\">PASO 3:<\/span> Para saber si el formulario fue enviado correctamente, chequee la bandeja de mensajes del correo que registr\u00f3 en el formulario, por favor.<\/h2>\n<h4 style=\"text-align: center;\"><span style=\"color: #ff0000;\">Si no encuentra el mensaje en la bandeja de \u201cRecibidos\u201d,<\/span><\/h4>\n<h4 style=\"text-align: center;\"><span style=\"color: #ff0000;\">revise la carpeta de Spam o correos no deseados <\/span><span style=\"color: #ff0000;\">y si tampoco la encuentra ah\u00ed, <\/span><\/h4>\n<h4 style=\"text-align: center;\"><span style=\"color: #ff0000;\">complete nuevamente, por favor.\u00a0<\/span><\/h4>\n<p>&nbsp;<\/p>\n<h2><\/h2>\n<h2>Curso de ingreso: Encuentro inicial<\/h2>\n<p><img decoding=\"async\" loading=\"lazy\" class=\"aligncenter wp-image-1017 size-full\" src=\"https:\/\/icscpaz-sal.infd.edu.ar\/sitio\/wp-content\/uploads\/2021\/02\/6016_Ingreso_10_Feb.gif\" alt=\"\" width=\"908\" height=\"1284\" \/><\/p>\n<h2><\/h2>\n<h2><\/h2>\n<p>&nbsp;<\/p>\n","protected":false},"excerpt":{"rendered":"<p>PREINSCRIPCIONES a la oferta educativa 2.021 &nbsp; &nbsp; &#x1f537; FECHAS DE PREINSCRIPCI\u00d3N Etapa 1: 21, 22 y 23\/12\/2020 Etapa 2: 28, 29 y 30\/12\/2020 Etapa 3: 8 y 9\/02\/2021 Modalidad: mediada por TIC &#x1f537; REQUISITOS DE DOCUMENTACI\u00d3N &#x1f4cc; Documento Nacional de Identidad. &#x1f4cc; CUIL &#x1f4cc; Partida de nacimiento &#x1f4cc; T\u00edtulo de educaci\u00f3n secundaria o certificado &#8230; <a title=\"Formulario de preinscripci\u00f3n\" class=\"read-more\" href=\"https:\/\/icscpaz-sal.infd.edu.ar\/sitio\/preinscripciones-a-carreras-2-021\/formulario-de-preinscripcion\/\" aria-label=\"More on Formulario de preinscripci\u00f3n\">[+]<\/a><\/p>\n","protected":false},"author":317,"featured_media":0,"parent":976,"menu_order":0,"comment_status":"closed","ping_status":"closed","template":"","meta":[],"acf":[],"_links":{"self":[{"href":"https:\/\/icscpaz-sal.infd.edu.ar\/sitio\/wp-json\/wp\/v2\/pages\/1024"}],"collection":[{"href":"https:\/\/icscpaz-sal.infd.edu.ar\/sitio\/wp-json\/wp\/v2\/pages"}],"about":[{"href":"https:\/\/icscpaz-sal.infd.edu.ar\/sitio\/wp-json\/wp\/v2\/types\/page"}],"author":[{"embeddable":true,"href":"https:\/\/icscpaz-sal.infd.edu.ar\/sitio\/wp-json\/wp\/v2\/users\/317"}],"replies":[{"embeddable":true,"href":"https:\/\/icscpaz-sal.infd.edu.ar\/sitio\/wp-json\/wp\/v2\/comments?post=1024"}],"version-history":[{"count":3,"href":"https:\/\/icscpaz-sal.infd.edu.ar\/sitio\/wp-json\/wp\/v2\/pages\/1024\/revisions"}],"predecessor-version":[{"id":1041,"href":"https:\/\/icscpaz-sal.infd.edu.ar\/sitio\/wp-json\/wp\/v2\/pages\/1024\/revisions\/1041"}],"up":[{"embeddable":true,"href":"https:\/\/icscpaz-sal.infd.edu.ar\/sitio\/wp-json\/wp\/v2\/pages\/976"}],"wp:attachment":[{"href":"https:\/\/icscpaz-sal.infd.edu.ar\/sitio\/wp-json\/wp\/v2\/media?parent=1024"}],"curies":[{"name":"wp","href":"https:\/\/api.w.org\/{rel}","templated":true}]}}