{"id":644,"date":"2018-06-18T14:12:35","date_gmt":"2018-06-18T17:12:35","guid":{"rendered":"https:\/\/icscpaz-sal.infd.edu.ar\/sitio\/?page_id=644"},"modified":"2020-09-23T13:34:52","modified_gmt":"2020-09-23T16:34:52","slug":"catalogo","status":"publish","type":"page","link":"https:\/\/icscpaz-sal.infd.edu.ar\/sitio\/catalogo\/","title":{"rendered":"CATALOGO"},"content":{"rendered":"<p><!-- Para que el el iframe sea visible para usuarios no logueados, el catalogo debe ser p\u00fablico en el campus. Para configurarlo ir a la administraci\u00f3n del campus: Catalogo > Configuraci\u00f3n, y destildar la opci\u00f3n \"Cat\u00e1logo privado\"\n--><\/p>\n<p>Desde mediados de Agosto y hasta mediados de Septiembre del a\u00f1o 2.020, estuvieron disponibles para autoinscripci\u00f3n, las <span style=\"color: #800080;\"><strong>aulas por carrera<\/strong><span style=\"color: #000000;\">, correspondientes a<\/span><\/span><span style=\"color: #000000;\">:<\/span><\/p>\n<ul>\n<li>\n<h5>Profesorado en Educaci\u00f3n F\u00edsica<\/h5>\n<\/li>\n<li>\n<h5>Profesorado en Ingl\u00e9s<\/h5>\n<\/li>\n<li>\n<h5>Tecnicatura Superior en Comunicaci\u00f3n social orientada al Desarrollo local<\/h5>\n<\/li>\n<li>\n<h5>Tecnicatura Superior en Higiene y Seguridad en el trabajo<\/h5>\n<\/li>\n<li>\n<h5>Tecnicatura Superior en Agroalimentos<\/h5>\n<\/li>\n<\/ul>\n<p>En ese tiempo, tambi\u00e9n estuvieron disponibles las aulas por materia y por docente.<\/p>\n<p>&nbsp;<\/p>\n<p><span style=\"color: #800080;\"><strong>A partir del 21 de Septiembre de 2.020, las inscripciones est\u00e1n a cargo del \u00e1rea de Preceptor\u00eda.\u00a0<\/strong><\/span><\/p>\n<p>En caso de requerir inscripci\u00f3n a las aulas por materia o por docente, comun\u00edquense con el \u00e1rea de Preceptor\u00eda de la siguiente forma:<\/p>\n<ul>\n<li>Si Ud. est\u00e1 activo en al aula de la Carrera, h\u00e1galo por ese espacio, use el Foro.<\/li>\n<li>Si Ud. no est\u00e1 activo en el aula de la Carrera, h\u00e1galo por\u00a0 la Secci\u00f3n Contactos, en el men\u00fa superior de este sitio.<\/li>\n<li>Si no puede por ninguno de esos medios, env\u00ede un correo a ics6016.mosconi@gmail.com<\/li>\n<\/ul>\n<p>&nbsp;<\/p>\n<h5 style=\"text-align: center;\"><span style=\"color: #800080;\"><em>\u201cEntre las dificultades, se esconde la oportunidad\u201d<\/em><\/span><\/h5>\n<p style=\"text-align: center;\">Albert Einstein<\/p>\n<p>&nbsp;<\/p>\n<p><iframe loading=\"lazy\" src=\"\/aula\/catalogo.cgi?embed=1\" width=\"100%\" height=\"1000\" scrolling=\"yes\"><\/iframe><\/p>\n","protected":false},"excerpt":{"rendered":"<p>Desde mediados de Agosto y hasta mediados de Septiembre del a\u00f1o 2.020, estuvieron disponibles para autoinscripci\u00f3n, las aulas por carrera, correspondientes a: Profesorado en Educaci\u00f3n F\u00edsica Profesorado en Ingl\u00e9s Tecnicatura Superior en Comunicaci\u00f3n social orientada al Desarrollo local Tecnicatura Superior en Higiene y Seguridad en el trabajo Tecnicatura Superior en Agroalimentos En ese tiempo, tambi\u00e9n &#8230; <a title=\"CATALOGO\" class=\"read-more\" href=\"https:\/\/icscpaz-sal.infd.edu.ar\/sitio\/catalogo\/\" aria-label=\"More on CATALOGO\">[+]<\/a><\/p>\n","protected":false},"author":1,"featured_media":0,"parent":0,"menu_order":0,"comment_status":"closed","ping_status":"closed","template":"","meta":[],"acf":[],"_links":{"self":[{"href":"https:\/\/icscpaz-sal.infd.edu.ar\/sitio\/wp-json\/wp\/v2\/pages\/644"}],"collection":[{"href":"https:\/\/icscpaz-sal.infd.edu.ar\/sitio\/wp-json\/wp\/v2\/pages"}],"about":[{"href":"https:\/\/icscpaz-sal.infd.edu.ar\/sitio\/wp-json\/wp\/v2\/types\/page"}],"author":[{"embeddable":true,"href":"https:\/\/icscpaz-sal.infd.edu.ar\/sitio\/wp-json\/wp\/v2\/users\/1"}],"replies":[{"embeddable":true,"href":"https:\/\/icscpaz-sal.infd.edu.ar\/sitio\/wp-json\/wp\/v2\/comments?post=644"}],"version-history":[{"count":11,"href":"https:\/\/icscpaz-sal.infd.edu.ar\/sitio\/wp-json\/wp\/v2\/pages\/644\/revisions"}],"predecessor-version":[{"id":902,"href":"https:\/\/icscpaz-sal.infd.edu.ar\/sitio\/wp-json\/wp\/v2\/pages\/644\/revisions\/902"}],"wp:attachment":[{"href":"https:\/\/icscpaz-sal.infd.edu.ar\/sitio\/wp-json\/wp\/v2\/media?parent=644"}],"curies":[{"name":"wp","href":"https:\/\/api.w.org\/{rel}","templated":true}]}}